. Let c be m(-5). Let a(w) = 4*w + 3. What is a(c)?
-5
Let j(r) = 11*r - 4*r**2 + 5*r**2 + 0*r**2 - 20*r - 4. Give j(9).
-4
Let i(w) = -w**2 - w + 3. Let a = -1 + 1. Let s = a - -3. Calculate i(s).
-9
Let w = -23 + 10. Let d(l) = -7 + 6*l - 1 - 2*l. Let z(g) = 9*g - 16. Let i(y) = w*d(y) + 6*z(y). Determine i(-6).
-4
Let o(b) = -b - 1. Let q = 2 - -7. Let k = 5 - q. Calculate o(k).
3
Let q(c) = 2*c**2 - 4*c - 2. Let l be q(3). Let h(t) be the third derivative of 1/120*t**6 - 1/10*t**5 + 4/3*t**3 + 0*t - 1/24*t**l - t**2 + 0. Determine h(6).
2
Let q(g) = -15*g - 3*g**2 + 2*g**2 + 13*g - 1. Calculate q(-1).
0
Suppose -3*l = 4*c - 18, -2*c = 3*l - 3 - 9. Let v be (6/2)/3 + l. Let z(k) = 4*k**2 + 3 - 4*k**3 + 3*k - k**2 + 5*k**v. Determine z(-2).
1
Let b(w) = w**2 - 2. Let a(d) = d**3 + 2*d**2 - 2*d + 1. Let n be a(-3). Calculate b(n).
2
Let p(m) = m**3 - 5*m**2 - 6*m + 1. Let w(i) = -1 + 5*i**3 + i**2 + 2*i**3 + 2 - 2*i**2 - i. Let l be w(1). Calculate p(l).
1
Let y(l) be the second derivative of -l**8/6720 - l**7/504 - l**6/240 + l**5/40 - l**4/12 - 3*l. Let s(q) be the third derivative of y(q). Calculate s(-4).
-1
Let m(n) = -n**3 + 6*n**2 - 7*n + 4. Suppose -4*f + 2*f = -4. Suppose 3*p - 25 = -f*p. Give m(p).
-6
Let y(o) = -o - 4. Let i be y(-9). Suppose -a - 26 = -i*k, -a - 6 = -k - 0*a. Let c(u) = 2*u - 6. What is c(k)?
4
Let l(o) = -2*o - 1. Let f be (-8)/(-2)*6/(-8). Let h = 10 + f. Suppose 3*x = -5*a + 22, 2*x + h = 4*a - 15. Calculate l(x).
1
Suppose -9 = 3*p - 3*v, 4*v = 3*p - 4*p - 13. Let c(f) be the second derivative of -f**5/20 - f**4/2 - 5*f**3/6 - 3*f**2 - 8*f + 1. What is c(p)?
-6
Let h(k) = 5*k**2 + 6. Let i(y) = 4*y**2 + 5. Let x(t) = -5*h(t) + 6*i(t). Let q = 48 + -30. Suppose 2*o = -4*n - q, 14 = 2*o - 3*n - n. Give x(o).
-1
Let a(t) = t**2 - 8*t + 2. Let l = 22 - 16. Calculate a(l).
-10
Suppose 5*x = -4*z - 23, 4 = 4*z - x - 3*x. Let l be 0 + (0/1 - -2). Let u(g) = -1. Let o(b) = -b**2 - b. Let a(t) = l*u(t) + o(t). Give a(z).
-4
Let h be -4*3/(-5 + -1). Let l(j) = j. Determine l(h).
2
Let g be 2/8 - 14/(-8). Let h(l) = 7*l + 2. Let n(f) be the second derivative of -5*f**3/2 - 2*f**2 - 2*f. Let a(z) = -13*h(z) - 6*n(z). Give a(g).
-4
Let v(z) = -29 + 29 + z. Let k = -18 - -36. Let m be (-4)/(-14) + k/(-14). Give v(m).
-1
Let m(t) = 3*t**2 - 2*t**2 - 6*t**2 + 3*t + t**3 + 5. Let z(r) = r**3 + 6*r**2 - 10*r - 17. Let l = -20 - -13. Let h be z(l). Give m(h).
1
Let m(t) be the third derivative of 7*t**5/120 - t**4/12 + 5*t**3/6 - t**2. Let u(i) be the first derivative of m(i). Determine u(-2).
-16
Let o(n) = 2*n + 9. Let g be (-32)/5 - 14/(-35). Determine o(g).
-3
Let x = 18 - 15. Let b(j) = -j + j - 2 - x*j + j. Determine b(-4).
6
Let o(n) be the third derivative of -n**5/60 + 3*n**4/8 - 5*n**3/6 + 16*n**2. What is o(8)?
3
Let i(z) = -6*z**3 + z**2 - z. Let o = 6 - 5. Give i(o).
-6
Let q(z) = -3*z**2 + 3*z - 1. Let v(x) = x**2 + 15*x + 17. Let s be v(-14). Give q(s).
-19
Let r(y) be the third derivative of -y**5/60 + y**4/12 - y**3/3 - 2*y**2. Let o be r(3). Let l(h) = h + 1. What is l(o)?
-4
Let o(f) = -3*f. Let x be o(1). Let w(m) = m**2 + 5*m + 4. Give w(x).
-2
Let z(s) = 2*s**2 - 5*s - 1. Let c be z(3). Let w(h) be the second derivative of h**4/12 - h**3 + 3*h**2/2 + h. Determine w(c).
-5
Let t = 10 - 5. Let u be 4 - t/((-10)/(-4)). Let b(g) = 4*g**2 + 2*g - 1 + 2 - 3*g**u. Give b(-1).
0
Let h be (1 - 1) + 35 - 0. Let b = 51 - h. Suppose 5*t = -d + b, 5*d - 2*t = 2*t - 7. Let j(s) = -4*s - 1. Calculate j(d).
-5
Let p(b) = 44 + b - 7*b - 45. Give p(1).
-7
Let s(w) = -w**3 + 4*w**2 - 3*w + 3. Suppose f = 13 + 2. Suppose f = -5*h + 5*q, 5*h + q = 3*q - 9. Let p = h - -5. What is s(p)?
-9
Let f(i) = 4*i**2 - 36*i - 6. Let a be f(9). Let l(u) be the second derivative of u**4/12 + u**3 - 3*u**2 + u. Calculate l(a).
-6
Let x(n) = -2*n - 3. Let d(h) = -h**3 + 3*h**2 - h. Suppose 3*l = -4 + 10. Let r be d(l). Let q be ((-2)/(-1) + -4)*r. What is x(q)?
5
Let g(i) be the second derivative of i**5/20 + 5*i**4/12 - i**3 - 2*i**2 + 21*i. Give g(-6).
-4
Let z(l) = -4*l**2 + l. Let p(b) = -b**2 + 3*b - 1. Let d be p(0). What is z(d)?
-5
Let w(z) = -9*z**2 + 2*z + 2. Let r(f) = 8*f**2 - 2*f - 2. Let d(x) = -7*r(x) - 6*w(x). Determine d(2).
-2
Let d(l) = -3*l + 0*l + 2*l + 2 - 1. Give d(3).
-2
Let q be ((1 - 0) + -1)/(-1). Suppose q = -5*f + 2*f + 12. Let t(i) = 4*i + 0*i**2 + 0*i**2 - 4 - i**2. Determine t(f).
-4
Suppose 10*p - 5*p + 10 = 0. Suppose -3*g + 5 = 2*g. Let l(f) = 2*f**2 + 4*f + 1. Let h(m) = m**3 + m**2 + 1. Let b(q) = g*l(q) + h(q). Determine b(p).
-2
Let w(u) be the third derivative of -u**6/120 + u**5/20 + u**4/24 - u**3/3 + u**2. Let b be 0 - -5 - (-8)/(-4). Suppose 0 = -b*s - 0 + 9. Determine w(s).
1
Let v(u) = -8 + 1 + u**3 + 5. Determine v(0).
-2
Let q(d) = -5*d + 2. Let m(n) = n. Let g(w) = -6*m(w) - q(w). Let p be (-2)/(((-2)/3)/(-1)). Let t be g(p). Let z(y) = 3*y + 1. Give z(t).
4
Let v(s) = s**3 - s**2 - s + 1. Let t(o) = -8*o**3 + 5*o**2 + 6*o - 6. Let h(b) = t(b) + 5*v(b). Give h(1).
-3
Let s(w) be the third derivative of 11*w**4/24 - w**3/6 + 7*w**2. Calculate s(1).
10
Let c(y) = y**3 + 14*y**2 + 2*y + 24. Let p be c(-14). Let r(m) = m**3 + 3*m**2 - 5*m - 1. Give r(p).
3
Let u(f) = 2 - 17*f + 14*f - 8. Suppose 2*m - 2*r + 16 = -4*r, -2*m + 3*r = -4. Give u(m).
6
Let p(t) = -2*t + 1. Let r = -8 + 4. Give p(r).
9
Let l(y) be the first derivative of -y**2/2 - 2*y - 1. Suppose 12*k + 2 = -46. What is l(k)?
2
Let y(s) = s**3 - 5*s**2 + 6. Let x = -70 + 75. Give y(x).
6
Let f(g) be the third derivative of -g**6/60 + g**5/30 - g**3/6 - g**2. Let t be 12/(-16) + 2/(-8). What is f(t)?
3
Let b(s) = -s**3 + s + 12. Let m = -13 + 13. Suppose -2*f + 3*f = m. Give b(f).
12
Let m(x) = -x - 1. Let u(i) be the first derivative of i**2 + 3*i + 3. Let d(k) = 5*m(k) + 2*u(k). Let h = 11 - 15. What is d(h)?
5
Suppose 24 = 47*a - 51*a. Let x(z) = 3*z**3 - 9*z**2 - 7*z + 15. Let l(w) = -2*w**3 + 4*w**2 + 3*w - 8. Let h(s) = 5*l(s) + 3*x(s). What is h(a)?
5
Let s = 29 - 32. Let j(d) = d - 1. Let i(q) = -q. Let h be i(-6). Let f(b) = -7*b + 10. Let x(y) = h*j(y) + f(y). Determine x(s).
7
Let d(r) = -r**3 + 3*r**2 - 2*r + 4. Let p be d(3). Let q(v) = -v**2 - v - 2. Give q(p).
-4
Suppose 0*v = v - 3. Let a(n) = n**2 - 2*n + 2. Calculate a(v).
5
Let j(t) be the third derivative of t**7/840 - t**6/72 + 7*t**5/120 - 5*t**4/24 - 2*t**3/3 - 5*t**2. Let g(c) be the first derivative of j(c). Determine g(4).
7
Let r(u) be the third derivative of u**4/12 - 5*u**3/3 - 2*u**2. Let c be r(7). Let h(l) be the third derivative of -l**4/24 + l**3 + l**2. Calculate h(c).
2
Let a(x) = 9*x - 5 - 3 + 4 + x**2. Let v(s) = s - 1. Let t(d) = d**2 - d + 4. Let q be t(0). Let g(i) = q*v(i) - a(i). Calculate g(-5).
0
Let u(p) = p - 5. Let h(l) = l - 7. Let j(k) = -5*h(k) + 8*u(k). Calculate j(6).
13
Let c(f) = -4*f**3 + f**2 - f - 1. Let r = 55 + -53. Suppose 2*p - d = -0*d + 25, 3*p = -4*d + 10. Suppose 0*o - r*o = -p, -o + 6 = -t. Give c(t).
5
Let z(q) be the third derivative of 4*q**2 + 0 - 1/24*q**4 + 7/6*q**3 + 0*q. Give z(6).
1
Suppose 2*x = 5*y - y + 4, 0 = 2*x + 5*y - 4. Suppose 2*j = x*r + 2*r - 16, -2*r = -4*j - 2. Let d(o) = -o - o**2 + 3*o + j*o**2. What is d(-3)?
3
Let n be (-18)/12*(-8)/6. Let d(f) = -2 + f**n - 7*f + 4 + 5 + 0. What is d(5)?
-3
Let l(s) = -2*s + 4. Let m be (-1)/5 - 117/15. Let g = 13 + m. Give l(g).
-6
Let y(t) be the second derivative of -t**4/12 + 5*t**3/3 - 9*t**2/2 - 4*t. Give y(7).
12
Let z(k) = -k**2 - 1 - 2*k**2 - 2*k**2 + 0*k**3 + k**3. Calculate z(5).
-1
Let n(f) = 9*f + 6. Let k(s) = -10*s - 7. Let o(i) = -5*k(i) - 6*n(i). Determine o(4).
-17
Let k(v) = -v**2 - 8*v - 8. Let m be (-178)/(-9) - (-4)/18. Suppose 2*w + 21 + 4 = -5*o, 4*w = m. Calculate k(o).
-1
Let i(b) = -2*b**2 + 0*b**2 + 5*b**2. Let q be 5 - (0 + (1 - -3) - 0). Calculate i(q).
3
Let n = 4 - 4. Let t(x) = 5*x**3 + 5*x**2 - x - 3. Let f(b) = -b**3 - b**2. Let a(w) = -6*f(w) - t(w). What is a(n)?
3
Let z(s) be the third derivative of 7*s**6/120 - s**4/12 - s**3/6 - s**2. Let g(d) = d**3 - 3*d**2 - 3*d - 5. Let k be g(4). Give z(k).
-6
Let x be (1 - 3)/((-4)/42). Suppose 0 = 2*n - 5*f - 13, -4*n - 2*f = -7*f - x. Suppose -4*q - 4*g = -g - 4, -4*q = g - n.